6?
-18
In base 6, what is 4312315 + -3?
4312312
In base 12, what is -1366998 - 1?
-1366999
In base 11, what is -1046 + 48a?
-667
In base 9, what is -6021303 - 1?
-6021304
In base 8, what is 3 - 44165?
-44162
In base 11, what is 1 + 781?
782
In base 16, what is -3cca - 2?
-3ccc
In base 14, what is 2 + 37b2?
37b4
In base 9, what is 757 - -858?
1726
In base 3, what is 11202 - -22022?
111001
In base 16, what is 4 + 14f?
153
In base 9, what is -7161 + -8?
-7170
In base 7, what is -4203 - 60?
-4263
In base 7, what is -2060246 - 3?
-2060252
In base 6, what is 112 + -15104?
-14552
In base 8, what is -25010 - -24?
-24764
In base 4, what is -313 - 2031?
-3010
In base 11, what is -76 + -295?
-360
In base 12, what is 2325 - 0?
2325
In base 15, what is 4 - 7b4?
-7b0
In base 3, what is -1 - 21100220?
-21100221
In base 4, what is 3 + 10120310120?
10120310123
In base 15, what is -3 + 1e6e?
1e6b
In base 16, what is -e27e - -2?
-e27c
In base 7, what is -621 - 332?
-1253
In base 5, what is -4 - -3414333?
3414324
In base 6, what is 345221 + -2?
345215
In base 6, what is -30550351 - 4?
-30550355
In base 8, what is 650 - 6443?
-5573
In base 2, what is 111010110101011 + -110010?
111010101111001
In base 10, what is 65 - 736?
-671
In base 9, what is 51125 - 8?
51116
In base 6, what is 301 + -31?
230
In base 3, what is 12 + 2120210220?
2120211002
In base 10, what is -204 + -66?
-270
In base 16, what is 3 - -167f?
1682
In base 14, what is -3223 - -11a?
-3107
In base 9, what is 1 + -2077?
-2076
In base 15, what is -dcc2 + 52?
-dc70
In base 4, what is 31021033 + -11?
31021022
In base 10, what is 868 + 62?
930
In base 7, what is -245052 - 4?
-245056
In base 10, what is -28019 - -2?
-28017
In base 13, what is 142 + 111?
253
In base 6, what is -3 - 2103014?
-2103021
In base 11, what is -18547 + 4?
-18543
In base 11, what is -1 - 867a14?
-867a15
In base 6, what is 5 - 5511213?
-5511204
In base 4, what is -233111 - 133?
-233310
In base 11, what is 130aa - 4?
130a6
In base 3, what is -1122022 + -2121?
-1201220
In base 7, what is -1314 - 3552?
-5166
In base 3, what is 1001220 - 201011?
100202
In base 12, what is -32b5b69 + 1?
-32b5b68
In base 13, what is -869478 + 1?
-869477
In base 11, what is -214985 + -4?
-214989
In base 12, what is 73 - 876?
-803
In base 4, what is 212312021 - -3?
212312030
In base 13, what is 95 - -9c26?
9cbb
In base 3, what is -1011 - 121022?
-122110
In base 5, what is 21413322 - -10?
21413332
In base 4, what is -1110 + -2103013?
-2110123
In base 5, what is -331342 - -1?
-331341
In base 7, what is 33653 - 4?
33646
In base 12, what is 54919 - 5?
54914
In base 15, what is 3 + 49ad1?
49ad4
In base 12, what is -5854 - 4?
-5858
In base 3, what is 0 + 1001122?
1001122
In base 8, what is 5362074 - 2?
5362072
In base 12, what is -1a29 + 0?
-1a29
In base 11, what is 50a00 - 14?
50997
In base 10, what is -578 - -1029?
451
In base 10, what is -53685 + 5?
-53680
In base 10, what is -32 + -5885?
-5917
In base 5, what is 3 + -1220023?
-1220020
In base 14, what is 4dc69 - 2?
4dc67
In base 16, what is -98 - -5a8?
510
In base 6, what is -10 + -31213?
-31223
In base 6, what is -241 + 500523?
500242
In base 13, what is -a + -3168?
-3175
In base 5, what is 11124 + 131220?
142344
In base 5, what is -103440 + 4404?
-44031
In base 8, what is -46076 + 0?
-46076
In base 15, what is -6dba - -1d?
-6d9c
In base 7, what is 361 + 66665?
100356
In base 12, what is -116 + -a48?
-b62
In base 3, what is -10021221 - -2110?
-10012111
In base 14, what is -17067 + -c?
-17075
In base 8, what is 340 + 10545?
11105
In base 13, what is -2030cb - -2?
-2030c9
In base 5, what is 110 - 234220?
-234110
In base 13, what is bc - -35b?
44a
In base 10, what is 73117 - 2?
73115
In base 14, what is -d5 - -b8?
-1b
In base 9, what is 16 + -5586?
-5570
In base 15, what is 15396 - 8?
1538d
In base 11, what is 126a63 + -4?
126a5a
In base 14, what is 258223 - -4?
258227
In base 2, what is -1010100011101 + 11?
-1010100011010
In base 6, what is -330 + 1313?
543
In base 15, what is -2 + 51338?
51336
In base 14, what is 6aa5d + 6?
6aa65
In base 3, what is -222200020 - 10?
-222200100
In base 15, what is -4db2 + 3b?
-4d76
In base 7, what is -4 - -201156?
201152
In base 14, what is -1c + -375?
-393
In base 8, what is 10316 + -446?
7650
In base 3, what is -1 + -1121220011?
-1121220012
In base 13, what is -c87 - 83?
-103a
In base 7, what is -55 + -221136?
-221224
In base 7, what is 142 + 135?
310
In base 15, what is 4 + -15296?
-15292
In base 5, what is -30024 + -14?
-30043
In base 10, what is 4 + -4391?
-4387
In base 9, what is 1080540 - 2?
1080537
In base 7, what is -10 + 115465?
115455
In base 5, what is 10 + 3033140?
3033200
In base 3, what is 1101 + 102101110?
102102211
In base 11, what is 3 - 36a4?
-36a1
In base 2, what is 101 - -10100001101?
10100010010
In base 10, what is 154 + 253?
407
In base 10, what is 3 + 18519?
18522
In base 2, what is 0 + -100011010100111?
-100011010100111
In base 8, what is -1751354 - -1?
-1751353
In base 7, what is -1 - -43663?
43662
In base 4, what is 21203023 - -200?
21203223
In base 8, what is 144744 + 0?
144744
In base 11, what is -67a - 1229?
-18a8
In base 15, what is -3cb + 0?
-3cb
In base 13, what is 943b - 2b?
9410
In base 6, what is -210053 + -2?
-210055
In base 11, what is -25 + -1465?
-148a
In base 6, what is -3104 + 11521?
4413
In base 3, what is -12 + 222110211?
222110122
In base 16, what is -38 + d5d?
d25
In base 12, what is 15b0 + a0?
1690
In base 6, what is -31 + 2215?
2144
In base 9, what is -25 - -21436?
21411
In base 2, what is 1011101100 + -1011?
1011100001
In base 7, what is -1 + -623050?
-623051
In base 6, what is 5544 - -530?
10514
In base 12, what is -4 + b466b?
b4667
In base 4, what is 0 + 232331?
232331
In base 5, what is -3 + 4442424?
4442421
In base 3, what is 2020011 - -112?
2020200
In base 5, what is -101113200 - -3?
-101113142
In base 9, what is -754 - 284?
-1148
In base 2, what is 1 - 1000010011100011?
-1000010011100010
In base 6, what is -35 + 1423432?
1423353
In base 2, what is 11000101110010000 - -100?
11000101110010100
In base 4, what is 3 - 1322320?
-1322311
In base 4, what is 2 - -22320222?
22320230
In base 3, what is 2 + -101112222000?
-101112221221
In base 11, what is -16 + 10404?
10399
In base 13, what is 161b4 + -a?
161a7
In base 13, what is -18 - b2?
-ca
In base 9, what is 17 - -1608?
1626
In base 4, what is 1 + 3011000320?
3011000321
In base 9, what is -7084 - -2?
-7082
In base 16, what is 2 + b19d?
b19f
In base 9, what is -1446 + 1050?
-386
In base 8, what is -5323 - 140?
-5463
In base 11, what is -1 + 168a?
1689
In base 12, what is -53933 + 6?
-53929
In base 9, what is -12 - 101615?
-101627
In base 9, what is -740 - -38?
-701
In base 10, what is -18 - 1740?
-1758
In base 14, what is 258 + -d4?
164
In base 10, what is -77 - 68?
-145
In base 16, what is -3 - 2dd9c?
-2dd9f
In base 15, what is -5 - -192910?
19290a
In base 13, what is -23920 + 1?
-2391c
In base 6, what is -344 + 403?
15
In base 8, what is -247340 - 4?
-247344
In base 10, what is -435 - -12?
-423
In base 3, what is 101012 - -100121000?
100222012
In base 2, what is 1001100001100100011001 + -101?
1001100001100100010100
In base 7, what is -32242 - -156?
-32053
In base 14, what is 15a + 6d6?
852
In base 6, what is -43400 - -340?
-43020
In base 15, what is 5c6 + 1ce?
7a5
In base 12, what is 12 + 58ba?
5910
In base 4, what is 10310 + -112?
10132
In base 9, what is -464104 + 3?
-464101
In base 10, what is -1656 + -386?
-2042
In base 10, what is -1767 - -2260?
493
In base 12, what is -309102 + 4?
-3090ba
In base 5, what is 21222 - 3032?
13140
In base 12, what is -1 - -88b41?
88b40
In base 8, what is 3 - -1044136?
1044141
In base 9, what is 2 + 238603?
238605
In base 13, what is 45b8 - 16?
45a2
In base 10, what is -101 + -334?
-435
In base 8, what is -4 - -7762?
7756
In base 12, what is 4 - -35a35?
35a39
In base 3, what is -101212 - -1022110?
220121
In base 2, what is -1000 + 10010011010111010100?
10010011010111001100
In base 6, what is -1302 + -35?
-1341
In base 9, what is 33 + 812?
845
In base 3, what is 110212000 - 12110?
110122120
In base 11, what is 2 - -3668?
366a
In base 7, what is 155613 - 5?
155605
In base 6, what is -154 - -10555?
10401
In base 4, what is -21020002 - 2?
-210200